**2 + 18. What is the remainder when 35 is divided by s(b)?
17
Let r(g) = 65*g**2 + 25*g + 60. What is the remainder when r(-2) is divided by 74?
48
Let w(a) = 4*a**2 + 4*a + 3. Let h = -700956 + 700982. What is the remainder when w(-6) is divided by h?
19
Suppose -11*k + 9*k + 70 = 5*m, 4*k - 4*m = 224. What is the remainder when 196 is divided by k?
46
Suppose 161 = 2*h + 2*w - 3, 2*h - 5*w - 136 = 0. Calculate the remainder when ((-1885)/h)/((-1)/6) is divided by 75.
70
Suppose -3*x + 2*k = -268, 461*k + 178 = 2*x + 459*k. What is the remainder when 259 is divided by x?
79
Let a(s) = 7*s - 3. Let j be a(1). Suppose 16 = j*p, 0*v - 3*v - 4*p = -442. Calculate the remainder when v is divided by -1*(0/(-2) + -1) - -28.
26
Let s(w) = w**2 - 6*w + 5. Let o be s(3). What is the remainder when 214 is divided by 5*(114/10 + o)?
29
What is the remainder when 8278 is divided by (-2)/(-16)*-44*-2 - -109?
118
Let q(g) be the second derivative of -99*g**5/20 + g**4/4 + 17*g. What is the remainder when q(-1) is divided by 26?
24
Let h be ((-15)/(-25))/((-3)/(-60)*6). Suppose 5*z - 285 = w, -3*z - h*w + 0*w + 184 = 0. Calculate the remainder when z is divided by 9.
4
Let l = 117 + -103. Let k(o) = -o**2 + 37*o - 63. What is the remainder when k(l) is divided by 29?
27
Suppose -6*x - 60 = -4*x. Let z = x + 16. Let b = 27 + z. What is the remainder when 101 is divided by b?
10
Calculate the remainder when (-10620)/(-300) - (-3)/5 is divided by 29.
7
Suppose -6*s + 8 = 38, -321 = -4*u + s. What is the remainder when 12480 is divided by u?
77
Suppose 2*s = 5*y + 30 - 277, -s + 48 = y. Suppose -2*x + 5*a = 2*x + 67, 5*a = -2*x - 11. What is the remainder when y is divided by 32/(-208) - 223/x?
15
Let k(g) = g**3 + 6*g**2 + 4*g. Calculate the remainder when (40/(-11) + 4)/(32/5104) is divided by k(-4).
10
Let m(q) = 31*q - 1870. Calculate the remainder when 200 is divided by m(61).
11
Let j be 18*(1/(-2) - (-63)/54). Suppose c - j = -4*h, -2*h = -4*c + 5*c - 6. Let x = c + 104. Calculate the remainder when x is divided by 35.
34
Let m be 444/9*54/12. Let q = m - 204. Calculate the remainder when 68 is divided by q.
14
Let o(w) be the first derivative of -w**4/4 + 16*w**3/3 + w**2/2 - 4*w + 2. Calculate the remainder when o(16) is divided by 9.
3
Let p(y) = -2*y**2 - 32*y + 96. Calculate the remainder when 1148 is divided by p(-16).
92
Suppose 25 = 11*t + 3. Suppose 0 = 2*u + t*d - 248, -6 = -5*d + 4. Calculate the remainder when u is divided by 63.
59
Let d(g) = 4*g**3 - 58*g**2 + g + 380. Calculate the remainder when 4/(-18) + (-2355)/(-27) is divided by d(14).
1
Calculate the remainder when ((-149800)/420)/((-1)/2 - 4/(-24)) is divided by 8.
6
Let i = -41 + 39. Let u be i/(-4)*(18 + -14). What is the remainder when (7/(-3) + u)/((-3)/909) is divided by 17?
16
What is the remainder when -4 + ((-1056)/(-8) - 8) is divided by (9/36)/(1/76)?
6
Let o be -5 - (0 + -5 - (-39 + 345)). Let g = 339 - o. Calculate the remainder when 85 is divided by g.
19
Suppose 0 = 3*k, 0 = 13*u - 17*u - 2*k + 39500. Calculate the remainder when u is divided by 119.
117
Let d = 8901 + -8848. What is the remainder when 875 is divided by d?
27
Suppose -5*u = -3*n - 1279, 3*u + 57*n - 773 = 58*n. Calculate the remainder when u is divided by 87.
86
Let i be (-15 + 4704/12)/((-1)/1). Let b = i + 385. What is the remainder when (-1 - -2) + 14 - 2 is divided by b?
5
Let a be (24/18)/(8/210). Suppose 32 = -5*z - 8. Let v = a - z. Calculate the remainder when v is divided by 10.
3
Suppose 0 = -5*y + 2*c + 831, -3*y + 11*c - 6*c + 491 = 0. Let r = 6 - -37. What is the remainder when y is divided by r?
38
Let p(u) = u**3 + 2*u**2 - 13*u - 7. Let k(x) = -2*x + 2. Let l be k(-4). Suppose -l = 5*h - 50. Calculate the remainder when p(4) is divided by h.
5
Let o(h) = -6*h**3 + 2*h**2 - 4*h + 4. Let g be o(-3). What is the remainder when 37 is divided by g/10 + 4/10?
17
Let h(v) = 3*v**3 + 3*v - 3. Let i be h(3). Let j = 127 - i. Calculate the remainder when j is divided by 14.
12
Suppose 0 = 3*o + 5*k - 190, 37*k - 34*k = 5*o - 294. Calculate the remainder when 116 is divided by o.
56
Suppose -5*y + 1119 = z - 49, -z + 5*y + 1178 = 0. What is the remainder when z is divided by 391?
0
Let p = -90 + 170. Suppose 4*l - p = -44. Calculate the remainder when 132 is divided by (-15)/((-30)/l + 3).
42
Suppose -2*w + 64*v + 391 = 61*v, -w = -5*v - 199. What is the remainder when 607 is divided by w?
25
Let h(r) = -2*r**3 - 7*r**2 + 51*r + 204. Calculate the remainder when 108 is divided by h(-4).
12
Let p(y) = -42*y - 2367. What is the remainder when p(-75) is divided by 114?
99
Let b = 38964 + -38911. Calculate the remainder when 9697 is divided by b.
51
Suppose -4*i + 2248 = 4*u - u, 2248 = 4*i + 5*u. Suppose -i = -5*b - 37. What is the remainder when b is divided by 27?
24
Suppose 0 = -i + 3*i - 1054. What is the remainder when i is divided by (-4)/(10/(-42 - -12))?
11
Let p = 63 + -6. Suppose -171 = 10*o - 13*o. Let k = -41 + o. What is the remainder when p is divided by k?
9
Suppose 646*o - 651*o + 1930 = 0. What is the remainder when o is divided by 124?
14
Let j(a) = -37*a**2 - 446*a + 1. What is the remainder when 620 is divided by j(-12)?
20
Let b(m) = 3*m**2 + 20*m + 42. What is the remainder when 3035 is divided by b(-7)?
46
Suppose -89 = i - 88, 0 = -2*j + 5*i + 99. What is the remainder when 481 is divided by j?
11
Let b(i) = i**3 - 7*i**2 - 3*i + 1. Let h = -25 + 35. Let x be 0 + h + (3 - 5). What is the remainder when b(x) is divided by 14?
13
Let v be ((-2)/6)/((-7)/(-7 - -49)). Suppose 6*n - 40 = 4*n. Suppose -v*b + 6*j + 34 = j, -n = 5*j. Calculate the remainder when 26 is divided by b.
5
Suppose -28 = -2*g + 32. Let w(t) = -19*t**2 - 10*t + 1. Let s be w(-1). Let n(j) = -j**3 - 5*j**2 + 17*j + 2. What is the remainder when n(s) is divided by g?
28
Calculate the remainder when 1618/8 + 14/((-560)/50) is divided by 35.
26
Let o(m) = 12*m + 3. Suppose f - 513 = -2*b, 0 = -3*b - f - 3*f + 772. Let d = b + -242. What is the remainder when o(3) is divided by d?
11
Let h = 29 + -14. Let g = h - 0. Suppose 12 = 747*m - 744*m. Calculate the remainder when g is divided by m.
3
Suppose 3*b - 1840 = -502. Suppose 3*z - 42 = -3*c, -31 = -2*c - 5*z - 0. Calculate the remainder when (-2)/c + b/26 is divided by 6.
5
Suppose 0 = -0*p - 2*p + 6. Suppose p*f = -5*f + 208. Suppose -5*q = q - 768. What is the remainder when q is divided by f?
24
Suppose 0 = 2*s - 3*l - 22, 3*s - l + 0*l = 19. Suppose s*y - 40 = 10. Suppose 235 = -5*t + y*t. Calculate the remainder when t is divided by 10.
7
Let a = 456 - 1111. Let d = -465 - a. What is the remainder when d is divided by 32?
30
What is the remainder when 285 is divided by 0/9 - (16/(-12))/(6/1233)?
11
Suppose -967 = 4*r + 57. Let l = 289 + r. What is the remainder when 164 is divided by l?
32
Suppose 2*a - 85 = -3*a + 5*q, 35 = 2*a - 3*q. Suppose 3*b = -5*n + a, -2*n = -0*b + b - 5. What is the remainder when 73 is divided by b?
3
Suppose 9*c - 7*c + a - 3308 = 0, a + 3316 = 2*c. What is the remainder when c is divided by 165?
6
Suppose 4 = -5*o - 16. Let p(r) = -r**3 - 5*r**2 - 4*r + 4. Let l be p(o). Suppose l*h = 12*h - 184. Calculate the remainder when h is divided by 8.
7
Let b(z) = z**2 + 26*z + 54. Suppose 3*j + 34 = 20*j. Suppose 0 = j*l + 4*t + 36, -2*l - 3*t = 2*t + 33. What is the remainder when 13 is divided by b(l)?
1
Let b be 2/((-8)/(-172))*(0 + 1). Let f = -44 + b. What is the remainder when 85 is divided by -11*(-10)/(-10)*2*f?
19
Let f(s) = s**3 - 6*s**2 + s - 14. Let z be (46/4)/(1 + 2/(-4)). Suppose -25*h + 14 = -z*h. What is the remainder when f(h) is divided by 11?
9
Suppose 9*h - 14*h + 145 = 0. Let a = h + -13. Calculate the remainder when a is divided by (-4)/(-18) + 244/36.
2
Suppose -n - 3*d + 1050 - 121 = 0, 4679 = 5*n - 2*d. What is the remainder when n is divided by 8?
7
Suppose -224 - 127 = -3*l + 3*u, 2*l = -2*u + 226. What is the remainder when 476 is divided by l?
16
Let l = -6349 + 6413. What is the remainder when l is divided by 31?
2
Let g = -9159 - -9204. What is the remainder when 158 is divided by g?
23
Let c(o) = -5*o**3 - 5*o**2 - 2*o**3 + 4*o**3 + 3*o - 1 + 0*o**2. Suppose 0 = 33*q - 28*q - 100. Calculate the rem